x?
5, 11
Let w = -421 + 407. What are the prime factors of (119/w*48)/(-1)?
2, 3, 17
Let w(g) = 2*g**3 - 3*g**2 + 23*g - 22. Let z be w(0). Let h = 1 - -32. What are the prime factors of ((-516)/9)/(z/h)?
2, 43
Let s = -8074 + 41212. List the prime factors of s.
2, 3, 7, 263
Let y(r) = r**3 + r. Let i(s) = 5*s**3 + 6*s + 35. Let o(j) = i(j) - 6*y(j). Suppose 0 = -8*h + 11*h. List the prime factors of o(h).
5, 7
Let y = 40 - 37. Let f(k) = 4*k + 11*k**2 - y*k + 3*k**2 + 2 + k**2. What are the prime factors of f(-2)?
2, 3, 5
Let f(r) = r**3 + 7*r**2 + 9*r + 39. Let d be f(-5). Suppose d*y + 1536 = 52*y. List the prime factors of y.
2, 3
Let y = 13490 + -5816. List the prime factors of y.
2, 3, 1279
Let l = 12178 - 6456. What are the prime factors of l?
2, 2861
Let g(s) be the third derivative of s**4/24 + 25*s**3/6 + 11*s**2 - 2. What are the prime factors of g(-14)?
11
Let n = -1239 - -650. Let g = n + 1205. What are the prime factors of g?
2, 7, 11
Suppose 0 = 84*n - 822059 + 17423. List the prime factors of n.
3, 31, 103
Let p = 65 + -23. Suppose 3*y + 2*x = 20, -y + 5*x = 3*y - p. Let t(s) = 17*s - 5. What are the prime factors of t(y)?
131
Let n(c) = c**3 - 15*c**2 - c + 23. Let o be (1/2*4)/(8/60). Let q be n(o). Let h(z) = -z**3 + 9*z**2 - z - 6. What are the prime factors of h(q)?
2, 5
Let n(w) be the third derivative of w**5/8 - 8*w**3/3 - 10*w**2. Let m(a) be the first derivative of n(a). What are the prime factors of m(6)?
2, 3, 5
Let v = 2191 - 770. Suppose j + 458 = t + 171, -5*t = 2*j - v. List the prime factors of t.
3, 5, 19
Let f(n) = -n**2 - 2 - 2*n**2 + 7*n**2 + 2*n + 9*n. Let j be f(10). Suppose -11*k + j = -570. List the prime factors of k.
2, 7
Suppose 0 = 31*b - 59*b + 249732. Suppose 6*h + 3375 = b. List the prime factors of h.
2, 3, 7, 11
Let z be (-3)/(12/4)*5. Let q(m) = -133*m - 130*m + 17 + 245*m - 2. List the prime factors of q(z).
3, 5, 7
Let y(r) = -13*r**3 + r**2 + 7*r + 5. Let z be y(-2). Suppose -136 - z = -c. What are the prime factors of c?
5, 47
Suppose -2*c + 1560 = 4*c. Suppose 5*t - c = 5*v, 3*t + t = -v + 218. Suppose t = -4*q + 330. What are the prime factors of q?
3, 23
Let g = 24 + -22. Suppose -89 + 5 = -g*x. Let m = x - -7. List the prime factors of m.
7
Suppose -2*r - 4*v = -4*r - 78, -2*v = -8. Let z = r - -53. Let i = z + 188. List the prime factors of i.
2, 3, 5, 7
Let i = 99 + -94. Suppose 12*u - i*u + 686 = 0. Let l = -59 - u. List the prime factors of l.
3, 13
Let p be -4*(21/2)/(2 - -1). What are the prime factors of (-4796)/p + (-76)/133?
2, 3, 19
Suppose -22*h - 5 = s - 25*h, -25 = -5*h. What are the prime factors of 827 + (-14)/s + (-20)/(-50)?
2, 7, 59
Suppose -38*y + 161382 = -985686. List the prime factors of y.
2, 3, 13, 43
Let l be 1*-2*(11 + (-216)/16). Suppose -3*b - 1000 = -l*b. List the prime factors of b.
2, 5
Let g = 111 - 107. Suppose 2*a = 3*a + 4*w - 220, g*w + 1100 = 5*a. List the prime factors of a.
2, 5, 11
Suppose -469*t + 4831746 = -351*t. What are the prime factors of t?
3, 13649
Let y(i) = i**3 + 10*i**2 + 8*i - 5. Let b be y(-9). Suppose g - 291 = b. What are the prime factors of g?
5, 59
Suppose -4*u + 14957 = -o - 7621, 16924 = 3*u + 4*o. Suppose u = 7*c + 10*c. List the prime factors of c.
2, 83
Let q be (-1 + 1)/(13 + -14). Suppose -2*l + 0*w + 22 = -2*w, q = -5*l + 4*w + 52. Suppose l*f + 48 = 9*f. List the prime factors of f.
2, 3
Suppose -510232 = 40*y - 86*y. What are the prime factors of y?
2, 47, 59
Suppose 8*z - 515 = 77. Let l be ((-21)/(-14))/(3/10). Suppose 4*x + i - 156 = l*i, 2*x - z = 3*i. List the prime factors of x.
43
Let g = -8 + 14. Let h be (5 - 9/(-3))*3/g. Suppose 0 = -h*y - 8, v + 5*y - 115 + 8 = 0. List the prime factors of v.
3, 13
Let w(z) = 2*z**2 - 7*z + 35. Let s(t) = 10*t**3 + 2*t**2 + 6*t + 5. Let v be s(-1). List the prime factors of w(v).
2, 5, 13
Let w(k) = 167*k**2 + 79*k - 425. List the prime factors of w(8).
5, 2179
Suppose 0 = -r + 4*j - 2, 2*j - 1 - 1 = 0. What are the prime factors of 2/r + (0 - (5 - 324))?
2, 5
Let k = 3 + 0. Let m(x) = -2*x**2 - 8 - 4*x**2 + 14*x - x**k - 4*x - 3. What are the prime factors of m(-8)?
37
Suppose -5*k = -4610 - 1725. Let o = k + -429. What are the prime factors of o?
2, 419
Let g be ((-1)/3)/(23/(-59961)). Suppose 5*u = g - 414. List the prime factors of u.
7, 13
Let s be (2 + (-1)/2)/(1/(-12)). Let z(k) = -k**2 - 34*k + 50. Let p be z(s). Let t = -227 + p. List the prime factors of t.
3, 37
Let z = 121 + -115. Let i(t) = 12*t + 65. Let v be i(z). Let p = v + -44. List the prime factors of p.
3, 31
Suppose 4*d + 5*m = 3*d + 41, -4*d - 3*m = -164. Suppose 4*r - 242 = -2*q, -q - d - 279 = -5*r. Suppose 3*v + 0*v = r. List the prime factors of v.
3, 7
Let t(i) = -i**3 + 22*i**2 + 3*i + 2. Let q be t(22). Let u = 68 - q. Suppose 3*k + 6 = 0, -2*f = -u*k - k - 136. List the prime factors of f.
67
Suppose 3*d - 12 = -d. Suppose d*x + 110 = 5*x. Suppose -p = 4*c - x, 5*p - 416 + 160 = -c. List the prime factors of p.
3, 17
Let n = -275 + 277. Suppose -5*w = -4*u - 6898, n*w - 4*u = -0*u + 2764. List the prime factors of w.
2, 13, 53
Suppose -3*o - 45 = -51, 0 = r - 5*o - 1345. List the prime factors of r.
5, 271
Suppose -m + 23319 = 5553. List the prime factors of m.
2, 3, 7, 47
Suppose -20*c - 483 = 417. What are the prime factors of (-23410)/c - 10/45?
2, 5, 13
List the prime factors of (0 - 1381)/(10*(-3)/390).
13, 1381
Let i(n) = 21*n - 28. Let l be i(-6). Let s = 483 + l. What are the prime factors of s?
7, 47
Let i be 14/49 - 150/(-14). Let d(w) = -w**2 + 9*w + 91. What are the prime factors of d(i)?
3, 23
Let h(k) = 9*k - 71. Let p(a) be the second derivative of a**2/2 + 22*a. Let b(u) = h(u) - 5*p(u). What are the prime factors of b(24)?
2, 5, 7
Let q be (0 - -2)*13/26. Let m = q - -69. Suppose 0 = 7*u - 9*u + m. List the prime factors of u.
5, 7
Suppose 4*r - 2*l = -0*l + 8, -r + l + 2 = 0. Suppose -r*z + 3*o = -4, o = -4*z + 3*o + 24. Suppose i + z*i = 1719. List the prime factors of i.
191
Let u(w) = 15*w**2 - 3. Let j be -1*(1 + (6 - 1)). What are the prime factors of u(j)?
3, 179
Let a(n) = -65*n**2 - 5*n + 5. Let l(j) = -33*j**2 - 3*j + 3. Let k(z) = -6*a(z) + 11*l(z). List the prime factors of k(-5).
3, 7, 11
Let i = 71 - 73. Let c = 237 - i. Let l = -170 + c. What are the prime factors of l?
3, 23
Suppose 4*m + 0*m = 16. Let d be (-2)/(3 + -1) - -5. Suppose -1 - m = -w, 344 = d*a - 4*w. What are the prime factors of a?
7, 13
Suppose 0 = 43*j - 59*j + 182432. What are the prime factors of j?
2, 5701
Suppose -53*d + 58*d = 21940. What are the prime factors of d?
2, 1097
Let x(d) = d**3 - 6*d**2 - 7*d + 10. Let m be x(7). Let u = 18 + m. Let t = -5 + u. List the prime factors of t.
23
Let r(u) = 48*u**2 + 3*u + 3. Let b be r(9). Suppose 5*j + a = j + b, 4*j + 5*a - 3910 = 0. Suppose 11*w - 15*w = -j. What are the prime factors of w?
5, 7
Let u(g) = 5*g - 105. Let r be u(15). List the prime factors of 542/(-4)*(28 + r).
271
Suppose -2*a = -2*f + 144, 7*a = -3*f + 6*a + 228. List the prime factors of -3*(5 - f/27)*-120.
2, 5
Suppose 1278*x + 3544 - 63110 = 1265*x. What are the prime factors of x?
2, 29, 79
Suppose 186*g - 1644130 = 815372 - 401040. What are the prime factors of g?
3, 7, 17, 31
Let p(u) = 9*u**2 - 44*u + 158. Let t(b) = -11*b**2 + 44*b - 159. Let n(x) = -5*p(x) - 4*t(x). What are the prime factors of n(31)?
3, 83
Let b(s) = -15*s**3 - s**2 + 1. Let z be b(1). Let w be (-55)/z - ((-15)/(-9) + -2). Let p(x) = 12*x - 11. List the prime factors of p(w).
37
Suppose 5*a - 8*a = -4*u - 14, -a + 4*u + 10 = 0. Suppose 7*r - 4*h = 9*r - 974, -a*h + 1948 = 4*r. List the prime factors of r.
487
Let a be (4/(-3))/(60/(-135)). Suppose 0 = -v - 2*l + 88, -v + 4*l = a*v - 304. List the prime factors of v.
2, 5
What are the prime factors of ((-8)/5)/(65664300/5969500 + -11 + 0)?
2, 11939
Suppose -3*l - 1 = -5*c, l - 5*l = 3*c + 11. Let a be c*7/(-1 - 0/(-2)). Suppose 0 = -3*k - 9, -a*r - 873 = -12*r + k. List the prime factors of r.
2, 3, 29
Let n = 3364 - 1600. Suppose -n = -4*f + 4*a, 14*a = 2*f + 9*a - 897. What are the prime factors of f?
2, 109
Suppose 99*k + 84*k - 1002032 = -341402. List the prime factors of k.
2, 5, 19
Suppose 4*d = -2*l - 2*l - 430840, 0 = -d - 1. What are t